Suppose -3*y + 76 = -128. Is y a multiple of 14?
False
Suppose -j - f = 4*f - 27, 5*f + 9 = 2*j. Let o be ((-27)/j)/(6/(-16)). Suppose 2*r - o*r = -52. Is r a multiple of 13?
True
Let k(w) = w**3 - 4*w**2 - 5*w + 2. Let g be k(5). Suppose 3*s + 9 = r - 17, g*s - 79 = -5*r. Does 17 divide r?
True
Suppose -3*b + 252 = 4*y, 4*y = b + 197 + 39. Let i be y - 2/(-4)*2. Let c = i + -32. Is 10 a factor of c?
False
Let j(x) = 6*x**2 + x. Suppose 3 = a + 2. Let n be j(a). Suppose -n = -2*m + 3. Is 5 a factor of m?
True
Let m = 8 + -5. Suppose -m*v - 10 = -8*v. Is v/((-21)/12 + 2) a multiple of 8?
True
Let l(m) be the second derivative of -m**4/12 - 5*m**3/3 - 9*m**2/2 - 2*m. Suppose 3*p + 31 = 4*s + 9, p = -3*s - 3. Does 9 divide l(p)?
False
Suppose 0*d = -4*d + 12. Suppose -r = -5 - d. Is r a multiple of 3?
False
Let k(v) = v**2 - 4*v + 6. Let x be k(4). Suppose 0 = -3*w - 2*o - 36, 0 = x*w - w - 3*o + 79. Let t = w + 22. Is t a multiple of 8?
True
Suppose 3*l - 6*l + 9 = 0. Suppose -l*h + 5*h - 2 = 0. Does 6 divide (-1 - (h - 2)) + 6?
True
Let l(s) = 2*s**3 + 13*s**2 + 6*s + 1. Let w be l(-6). Does 26 divide (11/(-22))/(w/(-106))?
False
Let x be 20*((-44)/16 + 4). Let v = 77 - x. Is v a multiple of 13?
True
Let j be 2 - (2 - 4 - 11). Suppose 2*y = 3*b - j, 18 = 4*b - 2. Suppose 4*x + y*x = c - 19, -4*c = 5*x - 55. Is 8 a factor of c?
False
Suppose 4*p + 168 = 7*p. Is 19 a factor of p?
False
Suppose 0*r = -j + 2*r - 7, 4*r - 12 = 4*j. Suppose -2*a - j = -a. Does 8 divide 3*(a + 11/3)?
True
Let n(c) be the second derivative of 5*c**3/3 - 5*c**2/2 + 3*c. Let p = 8 + -4. Does 9 divide n(p)?
False
Let w be (-1146)/(-54) + (-2)/9. Let q = w + -2. Is q a multiple of 11?
False
Let o(d) = 6*d - d + 0*d + 4 + d. Let m be o(8). Let s = -26 + m. Is s a multiple of 8?
False
Let x be (-6)/(-9) - 8/(-6). Suppose 3*z + 4*r = 36, x*z = 7*z + 4*r - 52. Does 4 divide z?
True
Suppose -4*z - 1 = -5. Is 26/8 - z/4 a multiple of 3?
True
Suppose 0 = -5*f - 5*q + 40, 2*f + 21 = 5*f + 2*q. Suppose 12 = 4*b - 0*b. Suppose -f*w + 58 = -2*k - 0*k, -k + 37 = b*w. Is 10 a factor of w?
False
Let t = 42 + -28. Is t a multiple of 4?
False
Let y = 57 + -31. Does 8 divide y?
False
Let a(d) = d**3 - 5*d**2 - 2. Let o be a(5). Let b be 17 + (-1)/((-2)/o). Suppose -w + b = w. Is 4 a factor of w?
True
Let o = 16 + 4. Suppose -12 = 3*i, 5*u = -5*i + 27 + 13. Let x = o - u. Is 5 a factor of x?
False
Let z be 91 + -2*(-3)/(-6). Let i be (-1 - -2)/(2/z). Suppose 5*w - i = 25. Does 14 divide w?
True
Let c(m) = m**2 - 8*m - 10. Is c(11) a multiple of 4?
False
Let v be (-49)/(-4) + 3/(-12). Let s(k) = -k + 17. Does 3 divide s(v)?
False
Let j(v) = 3 + 8*v + 0*v - 2*v + 2*v**2 + 0*v. Is j(-4) a multiple of 11?
True
Suppose -3*p + 19 + 42 = 4*b, 0 = -4*b + p + 49. Suppose 0 = -5*s - b + 103. Is s a multiple of 9?
True
Let q be (-8 + 6)*2/(-4). Let d be 1 - ((q - 3) + 0). Suppose -d*y + 14 = -3*s - 55, 0 = -s + 1. Is y a multiple of 10?
False
Let t(i) = -2*i + 2. Let v be t(7). Let l(a) = a - 13. Let w be l(6). Let k = w - v. Is k a multiple of 2?
False
Let d(b) = -b**3 - 8*b**2 - 2*b - 5. Suppose -l - 14 = 3*m, 6*m + 2 = l + m. Does 4 divide d(l)?
False
Let s(m) = -m**3 - 7*m**2 - m - 5. Let c be s(-7). Suppose c*r - 2 = 0, -6*r + 2*r = -q. Is 10 a factor of (2 + -11)*(-8)/q?
False
Suppose -3*w + 0*w = -9. Suppose 3*m = w*o + 138, -2*m + 3*o = -o - 84. Is 21 a factor of m?
False
Let r be 3 + 0/(-2 + 5). Suppose 4*i - 25 = r*i. Does 11 divide i?
False
Let w(v) = -12*v - 9. Is 17 a factor of w(-5)?
True
Let z be 3/15 - (-14)/5. Suppose 4 = z*r - r. Does 15 divide 15/(r - 1 - 0)?
True
Let q be 3 + 0 + -2 - -180. Suppose -3*d = -z - q - 16, d + 2*z = 68. Is 21 a factor of d?
False
Suppose -4*z - 11 + 3 = 0. Let f = z - -22. Is f a multiple of 10?
True
Let b(f) = -11*f + 5. Is 26 a factor of b(-9)?
True
Suppose -5*q + 80 = 2*l + 3*l, q = 2*l - 47. Let y be 70/20*(-4)/2. Let r = y + l. Is 11 a factor of r?
False
Suppose -5 = 2*t - 3*t. Suppose 6 - 16 = -t*b. Is 8 a factor of (b - 7/3)*-57?
False
Suppose l - 80 = -l. Does 15 divide l?
False
Let o(z) = 11*z**2 - 7*z + 14. Is 23 a factor of o(3)?
True
Suppose 7*f - 568 = 671. Is 16 a factor of f?
False
Suppose 4*f - 92 = -2*u, -4*f = 4*u - 5*f - 229. Let o = -29 + u. Does 9 divide o?
True
Let k(b) be the second derivative of b**5/20 + b**4/2 - b**3/6 + b**2/2 + 4*b. Does 12 divide k(-5)?
False
Suppose 3*k - k + 32 = 0. Let n = 32 + k. Suppose 4*g + n = 68. Does 12 divide g?
False
Suppose -5*h - 4*m + 315 = -9*m, 4*m = -2*h + 138. Is h a multiple of 13?
True
Let v = 17 + -21. Let o(j) = 4*j**2 + 5*j - 3. Is 14 a factor of o(v)?
False
Suppose 0 = -3*l + x + 95, 0 = -l - 3*x + 35 + 10. Is l a multiple of 11?
True
Let o(u) = 14*u - 4. Is o(4) a multiple of 13?
True
Let l = -5 + 15. Suppose -5*o = -l*o + 10. Suppose -o*p + 0 = -32. Is 16 a factor of p?
True
Suppose 3*r = 2*q - 4*q + 71, -137 = -4*q - r. Is q a multiple of 17?
True
Suppose 0 = 4*t - 67 + 11. Does 7 divide t?
True
Let q = 54 + 53. Is 27 a factor of q?
False
Does 5 divide (-55 - -4)/(-3) - -3?
True
Let o be (-1)/((2/(-4))/1). Suppose 4*x - 2*z - o*z - 152 = 0, 5*x - 140 = -5*z. Is 13 a factor of x?
False
Let d(y) = -6*y + 9. Let l be d(-8). Let t = l + -34. Is t a multiple of 11?
False
Let g(r) be the third derivative of -r**4/8 - 4*r**3/3 + r**2. Let a be g(-6). Is 5 a factor of (a/(-3))/((-3)/9)?
True
Suppose 2*b + 2*x = -47 - 37, 4*b = x - 178. Let f be (b/(-6))/(6/(-18)). Is 10 a factor of 10/55 + (-436)/f?
True
Let d(w) = -w**2 - 6*w. Suppose -4*r + 12 = y, -7 = y - r + 1. Does 2 divide d(y)?
True
Let h be 12*13*2/4. Let n = 136 - h. Is 21 a factor of n?
False
Let g be 2/(-4) - 63/(-6). Is (-351)/(-15) - (-6)/g a multiple of 24?
True
Let r(d) = 2*d**2 - 6*d - 9. Let p(a) = a**2 + a. Let n(f) = -f**3 + 9*f**2 - f + 8. Let v be n(9). Let z(o) = v*r(o) + p(o). Is z(7) a multiple of 9?
True
Let c = -4 + 8. Suppose 0 = 4*h + 4*s + c, 3*h - 13 = 7*h - 5*s. Is 0 + (-1)/(h/58) a multiple of 14?
False
Let y = -112 + 147. Does 5 divide y?
True
Let a be 3 - 0 - (-2 + -29). Does 17 divide (-2)/(100/a + -3)?
True
Let k = 231 - 80. Is 21 a factor of k?
False
Let z be 4097/85 - 1/5. Suppose z = -5*f + 468. Does 27 divide f?
False
Suppose -2*v + 340 = 2*v. Is 14 a factor of v?
False
Let i(n) = -n**2 - 15*n - 8. Is i(-12) a multiple of 5?
False
Suppose x = 2*l - 69, 2*l + 4*x = 3*l - 24. Suppose 2*m = -0*m + l. Is m a multiple of 6?
True
Let t(w) = 2*w**3 - 6*w**2 + 3*w - 12. Does 7 divide t(5)?
False
Let w = 10 - 16. Let j(r) = r + 5. Let k be j(w). Does 15 divide 1 - (k - -3) - -19?
False
Let s = -36 + 94. Is 23 a factor of s?
False
Let k(n) = 6*n + 1. Let m be 152/36 + 4/(-18). Is 25 a factor of k(m)?
True
Suppose -5*d + 6 = -2*k, -k = -4*d - d + 8. Let j(t) = 6*t**2 + 4*t - 5*t**2 + t**k. Is 6 a factor of j(-3)?
True
Let t = -9 + 5. Does 7 divide (t - -3)/((-1)/13)?
False
Let c(k) = 27*k**2 + k. Let t be 0/(-4) + -2 + 1. Is c(t) a multiple of 8?
False
Suppose -g - 4 = 0, -3*w = -g - 106 - 72. Suppose -2*f - w = -4*f. Is 7 a factor of f?
False
Let s = -129 - -144. Does 5 divide s?
True
Let l(p) = 2*p. Is l(7) even?
True
Let b(t) = t - 10 + 3*t - t - 3. Is b(10) a multiple of 17?
True
Let l(g) = 7*g - 1. Let c be l(7). Suppose 5*o + c = o. Let f = o + 21. Does 7 divide f?
False
Let u(d) = 2*d**3 - 5*d**2 + 2*d + 6. Does 12 divide u(5)?
False
Is 4 - (-1 - 9/(-3)) even?
True
Let h(s) = 3*s**2 + s**3 - 2*s + 0 + 5*s + 2. Let p be h(-2). Suppose -5*x = -6*j + 2*j - 186, 2*x - 3*j - 73 = p. Does 19 divide x?
True
Is 6 a factor of (-92)/(-322) - ((-747)/7 - 0)?
False
Let y(r) be the second derivative of -r**3/2 - r**2/2 - r. Let w be y(-1). Suppose t = w*t - 13. Is t a multiple of 5?
False
Let x = 336 + -214. Is x a multiple of 11?
False
Let j(z) = -z**2 - 2*z + 1. Let p(k) = -k + 1. Let o(s) = -j(s) + p(s). Let m be o(1). Let r(a) = 10*a - 3. Is r(m) a multiple of 17?
True
Suppose 2*h + 8 = 2*i + 22, -4*h = -i - 22. Let k = -2 + h. Suppose -90 = -3*x - 0*w + w, 4*x - k*w - 125 = 0. Is 9 a factor of x?
False
Suppose -v - 8 = -26. Is 9 a factor of v?
True
Let a(i) be the first derivative of i**3/3 - 3*i**2/2 + 4. Is 18 a factor of a(6)?
True
Let b = -122 - -291. Is 13 a factor of b?
True
Let x(q) = 6*q - 8. Is x